 (-3 + (11 - 18) - -4).
5
What is the value of 14 + -13 - 18 - (8 - 9)?
-16
(0 - -12 - (-83 - -89)) + -21
-15
What is the value of (3 - 6) + (12 - (19 + 0))?
-10
Calculate 2 - (4 + 0) - (-2 - (-12 - -9)).
-3
What is the value of (-9 - -18 - (-1 - -1 - -9)) + 24?
24
What is the value of 775 + -758 - (-5 - 0)?
22
Calculate 19 - 9 - 7 - 4.
-1
9 + 2 + 4 + (-3 - (-45 + 33))
24
Evaluate 0 + 2 - (65 + -55) - -4 - 5.
-9
What is (28 - 33) + 10 + 1 + 10?
16
Calculate 15 + -22 + 6 + (0 - -1).
0
Calculate -11 + (4 - 5) + 15.
3
What is the value of (-113 - -97) + 33 + 2?
19
What is 4 + (7 - (6 - (6 + 0)) - 2)?
9
What is the value of 24 - 44 - (0 - (7 + 0 + 0))?
-13
What is the value of -21 + 0 - (681 + -710)?
8
What is (7 - (-1 - -1)) + 119 + -132?
-6
Calculate 3 - 31 - 0 - (-4 - (2 + 0)).
-22
Evaluate 9 - (5 + -4 - (-4 + -1 + 2)).
5
(-12 - 3 - -3) + (-1 - -8)
-5
What is (25 - 2) + (318 - 354)?
-13
Evaluate (27 - 10) + -18 + -7.
-8
4 + -10 - (-10 + 12)
-8
Evaluate (28 - 14) + 6 - (3 - -1 - 2).
18
What is the value of 2 + (1 - 1 - (37 - 36) - -10)?
11
(11 - 8) + (2 - 5) + 15 + 2
17
-26 + 2 - (49 - 59)
-14
Evaluate -13 + 3 + 10 - (0 - -3 - -7).
-10
(30 - (-15 - -46)) + 1
0
Calculate -103 - -93 - (1 + -1 + 5) - -3.
-12
Evaluate 50 + 21 + -47 + -48.
-24
-12 - (-27 + 20 - (-2 + -2))
-9
2 - 21 - (-101 + (23 - -20))
39
What is the value of -35 - -4 - (195 + -250)?
24
What is (-6 - (-2 + 12)) + 28?
12
Evaluate (-18 + 29 - 9) + (2 - -7).
11
Evaluate 7 - (-5 + 7 + 4) - -6.
7
What is 49 + (35 - (41 + 18))?
25
Calculate -212 + 218 + (1 - (5 + -1)) - -4.
7
Evaluate 1 + (-12 - 0 - (-21 + -13 + 28)).
-5
What is the value of (2 - (0 - (1 + -6))) + (-1 - -4)?
0
7 + 27 + 0 - 39
-5
What is the value of 14 - (24 - 39 - -14)?
15
What is the value of 1 - -19 - (-509 - -510)?
19
Calculate -54 - (19 + -23 - 10 - 1).
-39
What is (-11 + 8 - (-21 + 32)) + (-3 - 7)?
-24
What is (-2 - -4) + -2 + 0 + (279 - 285)?
-6
What is the value of -3 + 9 - (1 - (0 + -6 - -8))?
7
What is 4 - (-4 + 3 - (35 - 28))?
12
What is the value of (11 + -23 - -11 - -18) + 18?
35
Calculate (-621 - -611) + 5 + 1 + 0.
-4
What is 10 - ((14 - 3) + -12 + 12)?
-1
What is the value of 7 - (-9 + (1 - -5))?
10
-25 - -40 - (3 + -8 + 35)
-15
What is the value of -3 + 5 + 4 + (-1 - -5) + 0?
10
Evaluate 277 - 267 - ((7 - -1) + 1).
1
-30 + 24 + -9 + -18
-33
2 + -107 + 110 + (6 - 0)
11
Calculate (9 - (-2 - 10)) + -14 - (16 - 1).
-8
(7 - (11 + 3)) + (35 - -3 - -1)
32
156 + -85 + 1 + -44
28
5 - (-14 - (-41 - -19))
-3
What is -9 + 11 + -19 + 11 + 2?
-4
What is 5 + -1 - (-7 - -17 - 15 - 1)?
10
Evaluate 7 + (-2 - (5 + -4)).
4
What is the value of 7 + (-13 + 2 - -8) - -7?
11
What is -10 + 23 + -7 + -3 + -7?
-4
Evaluate 4 + -2 + 1 + (-9 - -18).
12
Evaluate 28 + (10 + 24 - 29).
33
-6 - (17 + -27 - -3) - -29
30
What is the value of 7 - 1 - ((-12 - -20 - -19) + 12)?
-33
Calculate (-169 + 137 - (1 - 0)) + 17.
-16
Calculate -4 + 10 + (47 - 47) + (1 - -3).
10
What is the value of (-2 - (2 + -3)) + -2 + (-9 - -14)?
2
Calculate (-9 - 2) + 15 + 27.
31
Evaluate -1 - (11 - 4) - -2 - -14.
8
Calculate (16 - -1) + (-16 - (-39 + 33)).
7
0 - 9 - (-470 - -471)
-10
-54 - (-39 - (9 + -10))
-16
Calculate -12 - (0 - 2 - (-11 - (5 - 4))).
-22
What is the value of -35 - (-19 + -3 + 11)?
-24
What is (6 - -1 - (-69 + 74)) + 2 + -2?
2
What is the value of (16 + (4 - 17) - 18) + 38?
23
What is the value of -2 - 37 - (-27 - -16) - -16?
-12
What is the value of -1 + 22 - (458 + -462)?
25
What is 8 + (-10 - -9) + -9 + (-2 - -18)?
14
Calculate -44 + 38 + (5 - (-5 + 18)).
-14
What is 10 + (12 - 8) + (-10 - -3) + 2?
9
What is the value of 25 - 13 - (-2 - -4)?
10
What is the value of -89 + 89 + (9 - -1)?
10
2 + 0 + (-3 + -1 + -4 - -11)
5
Evaluate 5 + (-4 - (-6 - -4) - 2 - 2).
-1
-9 + 24 - 32 - -23
6
What is -21 + (2 - 2 - -15)?
-6
What is (1 - 6) + 7 + 6 + 4?
12
(-8 - (15 - 21)) + -4 + 15
9
What is the value of -38 + (37 - 35) - -65?
29
What is the value of 1 - -16 - (335 - 328) - -10?
20
Calculate 33 + -16 + 12 + -14 + 17.
32
What is the value of (0 + -8 - -16 - 0) + -19?
-11
Calculate -24 - -16 - (2 + -3).
-7
Evaluate 13 - (11 - (4 - -4)).
10
(-1 - -2) + -16 + 883 + -871
-3
Evaluate 13 + (10 - (27 - 11)).
7
Calculate -36 + 104 + -12 - 25.
31
What is (15 - (6 + -26)) + -33?
2
What is the value of 0 + -6 - ((9 - 17) + 10) - 15?
-23
What is -19 + -1 + ((41 - 24) + -37 - -21)?
-19
Calculate -19 + (11 - 13) - -14.
-7
What is -13 + 7 + -2 + -9 - 0?
-17
What is -22 + (9 - 6 - 3) + 10?
-12
Calculate -2 + 11 + -3 + 8.
14
Calculate -2 + (4 - -13) + -10 + (-10 - 2).
-7
Calculate (5 - 5) + (54 - 39).
15
What is the value of (-18 - 8) + -26 - -28?
-24
What is the value of 1 + (17 - 11 - (4 - -2))?
1
8 - ((5 - -12) + -1 + -2)
-6
What is the value of (-17 - -10) + 13 - 8 - -4?
2
Evaluate (0 - -13) + -2 + 800 + -810.
1
0 + (-1 + 0 - 1 - (23 + -22))
-3
What is -2 + (1 - -1) - (-28 - -29)?
-1
Evaluate 1 - (-22 + 12) - (4 - -1).
6
-20 - (12 - 53) - 29
-8
What is the value of (4 - (-13 - (4 + -22))) + (2 - -4)?
5
What is the value of 5 - (23 + -17 + 14)?
-15
Calculate 24 + (19 - -1) + -31.
13
Calculate 5 + (5 - 6 - (7 - 1)) - 7.
-9
What is 16 + -15 - ((16 - (3 - 4)) + -4)?
-12
What is the value of (0 - (11 + 2 - 6)) + (-1 - 5)?
-13
Evaluate (5 - 0 - (31 + -19)) + -1.
-8
-2 - (-14 + (7 - (-1 + 7)))
11
What is the value of 12 + -3 - (5 - (12 + 9 + -18))?
7
12 + -25 - (-3 + -13)
3
What is 9 + (-3 + 1 - (-5 + 10 + -4))?
6
Evaluate (2 - (38 + -39)) + 14.
17
Evaluate 2 - (-8 - (0 + -1 - (-49 - -54))).
4
What is 9 + (0 - 10) + 3 + 2?
4
Calculate -14 - (16 + (-17 - 7)).
-6
Calculate -1 - ((1 - 6) + -25 + 24).
5
-14 + -5 + -19 - -27
-11
Calculate -10 + -4 + 2 + 57 + -52.
-7
What is the value of -79 - -80 - (11 - 2)?
-8
Calculate (71 - 53) + 2 + -8 + -1 + 1.
12
What is -10 - (-17 + (-10 + 13 - -9))?
-5
Calculate 22 + -29 + (-8 - (2 - 10)).
-7
Calculate -6 + (35 + -1 - (-6 + 17)).
17
Evaluate (1 - -3) + (-63 - -48 - (-9 + 2)).
-4
Calculate -12 - -9 - (-24 - -23).
-2
What is 11 - ((18 - 5) + 0)?
-2
What is (-22 - -11 - -2) + (-4 - -13)?
0
Calculate -55 - -74 - (4 + 10).
5
0 - (-11 + 21 + (2 - 2) + -1)
-9
What is (8 - 14 - -21) + -5?
10
Evaluate (11 - (7 - 12)) + -23.
-7
Evaluate -5 + 3 + 9 - (-4 - 1).
12
Calculate (-13 + 27 - -1) + -21.
-6
Evaluate (-8 + 22 - 14) + (-12 + 1 - 1).
-12
Evaluate -2 - (-4 + 0) - -1 - (-195 + 194).
4
Evaluate -3 - 4 - (32 + -31).
-8
Calculate -14 + -2 + 48 + -17.
15
Calculate 0 + -4 + 32 + -30.
-2
What is -14 + (-3 + 8 - -5) + 20?
16
What is the value of -8 - (-23 + (-7 - -13)) - (-6 + 1)?
14
What is the value of 44 + -24 + 8 + -8?
20
Calculate -1 + (-3 + (6 - 7 - -2) - 5).
-8
Calculate -4 + 2 + (6 - 9 - -7).
2
What is the value of (1 + 1 - (1 - -8)) + 86 + -43?
36
Evaluate 59 - 12 - 22 - 7.
18
Evaluate -12 + 2 + -2 + (-8 - -10).
-10
What is (19 - (-18 + 21)) + -26?
-10
What is 10 + -4 - (3 + -1) - (10 - 12)?
6
What is -8 - ((9 + -16 - -3) + 3 + 2)?
-9
What is ((2 - -8) + -8 - 13) + 2 + 3?
-6
What is 2 - 27 - (25 + (15 - 47))?
-18
Calculate -12 + ((9 - 3) + -6 + 0 - -4).
-8
What is the value of 1 + (40 - 11 - 12) + -7?
11
Calculate (-8 - (21 - 21)) + (0 - -8).
0
Evaluate 4 - ((7 - 4) + 4) - 8.
-11
Calculate (-16 - -2 - (-7 + -1)) + 3.
-3
What is the value of 4 + 7 - (3 + -1 - (9 + -2))?
16
What is 1 + 0 - -18 - (-62 - -132 - 79)?
28
21 - -14 - 42 - 12
-19
What is the value of (3 - (20 + -7 - -9)) + 11?
-8
What is the value of 17 + 1 - 20 - 4?
-6
What is the value of 21 - (-3 + 18) - 30?
-24
Calculate -1 - -5 - (-50 + (-11 - -56)).
9
What is the value of 0 + -1 + 140 + -135 - 14?
-10
-5 + 8 + (3 + 5 - -1) + -4
8
-28 - (-1 + -32 + 2)
3
8 - ((-8 - 4) + (5 - (13 - 9)))
19
Calculate -9 + 18 + 2 + -2 - -4.
13
What is -21 + 12 - (0 + -3) - -17?
11
Calculate -95 + 102 - (-2 - (-3 - 12)).
-6
What is (-18 - (-17 + 17)) + (-5 - -17)?
-6
Evaluate 3 + (2 - 4) - (19 - 20).
2
Calculate 14 - 3 - (13 - 18 - -6).
10
Calculate 44 + -22 + 22 + -12.
32
What is the value of (9 - (24 + -9)) + 0 + -4?
-10
What is the value of 9 - 20 - -17 - 3?
3
Calculate (-3 - -5 - -2) + (37 - 41).
0
-1 + (-20 - 0) + 127 + -116
-10
What is the value of -7 + -7 + (-13 - (7 - 28))?
-6
Calculate -1 + 22 + -28 + -1 + 10.
2
Calculate -21 - 6 - (8 - 10 - -1).
-26
What is 3 - (-5 + 3) - (103 - 91)?
-7
-2 +